4*f = -78552, 5*f - 15702 = 43*b - 44*b. List the prime factors of b.
2, 491
Let a be 1/((-9)/(-38)) + 18/(-81). Suppose 0*j = -a*j + 8. Suppose -j*l - 4*n = -282, -3*n + 6 = -0*n. What are the prime factors of l?
137
Let s(a) = 7*a - 10. Let y be s(2). Suppose 0 = -z + y, 5*z = 4*b - 1453 - 255. List the prime factors of b.
2, 3
Let s(j) = -j**2 - 27*j + 14. Let d be s(-29). Let i = d - -92. List the prime factors of ((-115)/20)/((-2)/i).
2, 3, 23
Let q be ((-2)/(-3))/((-6)/(-855)). Let i = q - 96. What are the prime factors of (-805)/20*i + 3/(-12)?
2, 5
Suppose 28*f - 6081 = 45915. Let t = -520 + f. What are the prime factors of t?
7, 191
Suppose -60229 + 20244 = -3*j + 4*a, j = 2*a + 13333. List the prime factors of j.
19, 701
Suppose -189737 = -45*k + 243883. List the prime factors of k.
2, 3, 11, 73
Let o(m) = -3*m - 3. Let r be o(-3). Let l = r - 6. Suppose l = 3*x + 3, -3*x = 4*v - 325. What are the prime factors of v?
2, 41
Let f(l) = -4*l + 26. Let q be f(-7). Suppose -q + 0 = -3*i. Suppose -12*m + i*m = 996. What are the prime factors of m?
2, 83
Let z = 1662 + -644. Let q = z + -558. List the prime factors of q.
2, 5, 23
Let m = -421 + 1661. Let q = -819 + m. What are the prime factors of q?
421
Suppose -5*t = 2*g - 8, 27*g = 4*t + 25*g - 10. Suppose 0 = t*a - 1199 + 359. List the prime factors of a.
2, 3, 5, 7
What are the prime factors of (78/10)/((-1)/(-3))*135?
3, 13
Let p(f) = 11*f + 105. Let m be p(-11). Let q(r) = -6*r + 120. List the prime factors of q(m).
2, 3
Suppose 5*b - 31381 = 11754. List the prime factors of b.
8627
Suppose -177*g + 176*g + 177 = 0. Suppose g*h - 2820 = 171*h. What are the prime factors of h?
2, 5, 47
Suppose 4*v + 11*v - 2745 = 0. Let y = v + 214. What are the prime factors of y?
397
Suppose 4*o - 468 = -96. List the prime factors of (o/33 - 3) + 3040/22.
2, 3, 23
Let q = 7365 - 3971. What are the prime factors of q?
2, 1697
Suppose 22*l + 4416 = 1578. Suppose 5*r = -k + 958, 0 = 2*r - r + 5*k - 206. Let g = l + r. List the prime factors of g.
2, 31
Suppose -34 + 19 = -5*v. Let k(b) = 156*b**2 + 0*b - 151*b**2 - 4*b + b**v. What are the prime factors of k(3)?
2, 3, 5
Let x = -802 - -807. Suppose 3*t + 93*b = 90*b + 615, b + 1037 = x*t. List the prime factors of t.
3, 23
Let d(c) = c - 81. Let j be d(18). Let g = j - -66. Suppose -60 + 222 = g*n. List the prime factors of n.
2, 3
Suppose 3*j + 5292 = -5*t, -16*j = -13*j + t + 5304. Let d = -1170 - j. List the prime factors of d.
599
Suppose -390 = -0*f + 5*f. Let r be (-8 - 1)/(3/f). Suppose 61 - r = -s. List the prime factors of s.
173
Suppose -7*u + 12*u + 1395 = 0. Let o = u + 742. What are the prime factors of o?
463
Suppose 3*a + 4 = -11, -2*a = 4*g - 822. List the prime factors of 32/g + (-152)/(-26).
2, 3
Suppose 0 = 1676*k - 1665*k - 547239. List the prime factors of k.
3, 7, 23, 103
Let l = -70 + 73. Suppose 5*g - 40 + 10 = -5*i, -2*g + l*i = 8. Suppose -a = -5*o + 571, -o = 2*o + g*a - 353. What are the prime factors of o?
5, 23
Suppose -3*d - 2*f + 410 = 0, -4*d - 4*f = d - 682. Let n = d + 344. List the prime factors of n.
2, 241
Suppose 0 = -5*r - 22*z + 21*z + 43071, -5*r = 3*z - 43083. List the prime factors of r.
3, 11, 29
Let v(j) = -3*j**2 + 2*j**2 + 31*j - 10 - 4*j + 0*j**2. Let p = 571 - 561. What are the prime factors of v(p)?
2, 5
Suppose 92*y - 1374855 - 777734 + 700645 = 0. List the prime factors of y.
2, 13, 607
Suppose -4*u + 5*u = -59. Let p(j) = 4*j**2 + 5*j + 14. Let l be p(-6). Let c = l + u. What are the prime factors of c?
3, 23
Suppose p - 2713 = -5*j, j - 4*p + 0*p = 530. Suppose -3*y - l - j = -2543, -2*y = -2*l - 1326. What are the prime factors of y?
2, 3, 37
List the prime factors of (17 - (-660)/(-40))/(2/31364).
7841
Let s = 130 + 59. Let d = 1096 - s. List the prime factors of d.
907
Suppose -26140 = -v + 9457. List the prime factors of v.
35597
Let x = 16147 - -2570. List the prime factors of x.
3, 17, 367
Suppose 6*r = 8*r + 20. What are the prime factors of (-4857)/(-15) - 2/r?
2, 3
Suppose 0 = -r + 5*n + 23, 2*r + 5*n = -3 + 4. Let v(p) = -p**3 + 10*p**2 - 16*p + 4. Let g be v(r). What are the prime factors of -2 - (g + -14 + 3)?
5
Suppose -4*t = -12*t - 80. Let d(m) = -52*m - 47. Let n be d(t). Suppose 4*f + q = n, 116 = f + 8*q - 10*q. List the prime factors of f.
2, 59
Suppose -5*s - 244368 + 78724 = -4*f, -2*f + 82816 = -s. What are the prime factors of f?
2, 3, 67, 103
Suppose -5040 = -z + 3*z. Let f be ((-4)/10)/(-2 - 5037/z). Suppose o - 130 = 4*r, 5*o - 263 = 3*r + f. What are the prime factors of o?
2, 59
Let n = 238 + -230. Suppose -n*l = -1209 - 87. What are the prime factors of l?
2, 3
Let x = -93 - -97. Suppose -82 = -z + 4*o, -z - z = -x*o - 152. What are the prime factors of z?
2, 5, 7
Let t be ((-8)/(-18))/(44/990). Suppose 0 = -5*j - t, -5*j + 2*j - 4284 = -3*g. List the prime factors of g.
2, 23, 31
Suppose -4*c - 3*w = -16487, 4*w = c + 7*w - 4124. Let f = c + -2848. What are the prime factors of f?
19, 67
Let w be -2*(-1)/(-1) + 4. Suppose w = -5*z + 4*z. Let a(t) = -26*t**3 + 4*t**2 + 2*t. What are the prime factors of a(z)?
2, 5, 11
Suppose p - 3 = -37*c + 38*c, -1 = -2*p + 3*c. Let y(m) be the second derivative of 7*m**3/6 - 11*m**2 - m. What are the prime factors of y(p)?
2, 17
Suppose -23 + 151 = 8*j. Let u be ((-17)/(408/j))/(2/(-15)). Suppose 170 - 5 = 3*z + u*n, -n + 203 = 4*z. List the prime factors of z.
2, 5
Let p(o) = -3*o**3 + 79*o**2 - 16*o - 152. What are the prime factors of p(22)?
2, 1447
Suppose 0 = -15*t + 15576 - 3936. Let k = t - 488. List the prime factors of k.
2, 3
Suppose 0 = -4*z + 4*s + 31640, z - s - 7906 = 2*s. List the prime factors of z.
2, 23, 43
Suppose 172*h = -3*v + 173*h + 23231, -5*v + 38737 = 3*h. List the prime factors of v.
5, 1549
Suppose 1572*g = -j + 1576*g + 22944, -j + 2*g + 22930 = 0. List the prime factors of j.
2, 17, 337
List the prime factors of 1*424/(-16)*-978.
3, 53, 163
Let s = -4807 - -77846. What are the prime factors of s?
73039
Suppose w - 2*o = 56162, 13*o = 4*w + 16*o - 224604. What are the prime factors of w?
2, 3, 7, 191
Let v = -980 + 1766. Suppose 31*u - 33*u + 4*w + 1578 = 0, v = u - 3*w. List the prime factors of u.
3, 5, 53
Let q = -225 - -4520. List the prime factors of q.
5, 859
Suppose 3*w - 200112 = -89*b + 85*b, -2*b + 100036 = -w. List the prime factors of b.
2, 3, 7, 397
Suppose 3*y = -d + 24833, 4*y - 24094 - 9010 = -3*d. What are the prime factors of y?
17, 487
Suppose -6*x = -7*x. Suppose x = -a + 202 + 552. What are the prime factors of a?
2, 13, 29
Let r(y) = 7994*y**3 + 5*y**2 + y. What are the prime factors of r(1)?
2, 5
What are the prime factors of (44077 + 21)*(4/(-10) - 42/(-30))?
2, 17, 1297
Suppose -10 = -2*t - 0*t, 0 = -2*v - 4*t - 314. Let x = v + 265. Let p = -17 + x. List the prime factors of p.
3
Suppose -2*q + 77360 = 5*y - 3*y, q = -2. What are the prime factors of y?
2, 3, 7, 307
Let v(s) = -s**2 + 11*s + 10. Let i be v(11). Let m be (-4)/(-6)*(-99)/(-22) - i. Let a(b) = b**2 - 5*b + 6. List the prime factors of a(m).
2, 3, 5
Let i(q) = 2489*q + 11. Let a be i(1). Suppose 8*t - a = -12*t. List the prime factors of t.
5
Let f be (-5)/(-1) - (-4 - -55). Let r = 14 - f. Suppose 65*g - r*g = 890. What are the prime factors of g?
2, 89
Let x = -138 + 70. Let h be (-7)/1 - (0 + -3). List the prime factors of (-7)/h - 17/x.
2
Let f(h) = 5*h**2 + 9*h + 24. Let x = 51 + -58. List the prime factors of f(x).
2, 103
Suppose -4*s - 3*h = 4, -4*h = s + 8 + 6. Let a(v) = -15*v + 1. Let r be a(-3). Suppose 14 = s*n - r. What are the prime factors of n?
2, 3, 5
Let i(g) = 302*g - 62. Let d be i(6). Suppose -d = -x - 13*x. What are the prime factors of x?
5
Let p = 513 - -10430. What are the prime factors of p?
31, 353
Let c(v) = -14*v - 8. Let l be c(6). Suppose 2*m - 230 = 44. Let n = l + m. What are the prime factors of n?
3, 5
Suppose -v = 15 + 3. Let l(y) = 5*y**2 + 12*y**2 + 42 - 18*y**2 - 24*y. What are the prime factors of l(v)?
2, 3, 5
Let m(h) = -399*h - 639. List the prime factors of m(-7).
2, 3, 359
List the prime factors of (558017 + 3)/20 + 17.
2, 3, 11, 47
Let y be 3*(36/(-27))/(-2 + 0). What are the prime factors of ((-114)/(-18))/(y/18)?
3, 19
Suppose -10*u = -26090 - 8650. List the prime 